, 7
Let b(i) = 19*i**2 - 6*i - 7. Let z be b(-1). Let g = -22 + z. List the prime factors of 0 + (-680)/(-18) - g/18.
2, 19
Suppose -85*d = -526138 - 576227. List the prime factors of d.
3, 11, 131
Let q = 33932 + -19690. What are the prime factors of q?
2, 7121
Suppose -4*v - 34266 = 102. Let f be 7 - v/(-18) - 4/6. Let w = -294 - f. List the prime factors of w.
3, 59
Let u = 83 - -3857. List the prime factors of u.
2, 5, 197
Let q(i) = 2*i**3 - 12*i**2 - 10*i. Let x be q(6). Let j = x + 123. What are the prime factors of j?
3, 7
Suppose -2*w + 11296 = 5*g - 3*g, -11324 = -2*g - 6*w. List the prime factors of g.
5641
Suppose -1538 = -6*c - 86. Let i = c - -1272. List the prime factors of i.
2, 757
Let d be (-92)/(-22) + ((-54)/33)/9. Suppose 7 = -3*u + d*u. Suppose -u*t = -5*t - 32. What are the prime factors of t?
2
Suppose 0 = -1215*u + 1223*u. Suppose u = -4*s + 4*z + 5456, 7*z - 2*z = -25. List the prime factors of s.
3, 151
Suppose 41*s = 125*s - 18564. What are the prime factors of s?
13, 17
Let x(s) = 17047*s**2 - 678*s + 2. What are the prime factors of x(2)?
2, 3, 47, 79
Let g(h) = h**2 + 27*h - 749. List the prime factors of g(31).
1049
Let p(h) = 421*h**2 - 31*h + 10. List the prime factors of p(4).
2, 7, 11, 43
Let l be (4 + -1)/(3/21). Let u(p) = -25*p - 3. Let k(a) = 11*a. Let s(m) = -13*k(m) - 6*u(m). List the prime factors of s(l).
3, 5, 11
Let r = 2323 - 3933. What are the prime factors of ((-96)/(-14))/((-10)/r)?
2, 3, 23
Suppose -11*m + 2*m = -126. Suppose m*l - 12700 = -11*l. What are the prime factors of l?
2, 127
Let x(m) = -15*m + 4. Let u be x(-3). Let g = -44 + u. Suppose g*o - 98 - 467 = 0. List the prime factors of o.
113
Let k(l) = -2*l + 26. Let s be k(11). Suppose -2*a = -2*j + a + 613, -290 = -j - s*a. What are the prime factors of -2*j*(-1)/4?
151
Let y be 3900/9 - 2/12*-4. Let r = -168 + y. Let z = 425 - r. What are the prime factors of z?
3, 53
Suppose -500726 - 164694 = -98*r. List the prime factors of r.
2, 5, 7, 97
Suppose 12862 + 22352 = 22*l - 22338. What are the prime factors of l?
2, 3, 109
Let w(l) = -17*l**3 + 6*l**2 - 74*l + 293. What are the prime factors of w(-12)?
13, 2417
Suppose -3*f - 37*f - 200 = 0. Let k(u) = -4*u**3 + u**2 - 3*u - 10. What are the prime factors of k(f)?
2, 5, 53
Let a(u) be the third derivative of 89*u**5/60 - 13*u**4/24 - 34*u**3/3 + 123*u**2. List the prime factors of a(-4).
2, 11
Suppose 4*j = -5*i + 12 + 7, j + 5*i = -14. Let q(y) = 30*y - 51. List the prime factors of q(j).
3, 31
Suppose -3*h + 49*a - 53*a - 651 = 0, -2*a - 645 = 3*h. Suppose -j = 2*j + 297. Let d = j - h. List the prime factors of d.
2, 3, 19
Let u = -11631 - -26187. What are the prime factors of u?
2, 3, 1213
Let g(o) = 426*o + 660. List the prime factors of g(2).
2, 3, 7
Suppose 0 = -12*b - 16 - 8. List the prime factors of 4/b + 590/2.
293
Suppose -63*m + 8196794 - 2588858 = 81*m. What are the prime factors of m?
2, 1217
Let n(y) = -y**3 - 3*y**2 + 10*y + 18. Let k be n(-2). List the prime factors of (-6)/(-4) - 129/k.
23
Let n(q) = -2*q**3 - 49*q**2 + 23*q + 22. Let c(m) = -44*m + 19. Let v be c(1). List the prime factors of n(v).
2, 3
Let u = -11714 + 19573. List the prime factors of u.
29, 271
Suppose -5*p + 3*w - 4 = 0, p + 6 = 4*p + w. Let r be (p - 3)*2988/(-8). Suppose 3*m + 5*z = 382, 129 = -5*m + z + r. What are the prime factors of m?
2, 31
Let q(a) = 3*a - 10. Let d be q(4). Suppose 0 = -j + d*j - 26. Suppose 0 = -j*n + 23*n + 150. What are the prime factors of n?
2, 5
List the prime factors of (-15)/(-30)*(2*-5 - -2) - -14471.
17, 23, 37
Suppose -15*u - 75 = -30*u. Suppose -112 = u*k - 657. What are the prime factors of k?
109
Suppose 0 = 6*p - 4*p + 164. Let l = p + 52. Let m = 129 + l. List the prime factors of m.
3, 11
Suppose -19168 = -70*v + 15272. Let b be 6/(-4)*16/(-2). Suppose -4*s - 2*q + v = 0, 4*q + b = 4. List the prime factors of s.
2, 31
Suppose 2*t + 6 = 0, 24*r - t = 23*r + 7. Suppose r*f - 270 = 3*d + 1130, -1033 = -3*f - 2*d. What are the prime factors of f?
347
Suppose 108*g + 4374897 = 391*g. What are the prime factors of g?
3, 5153
Suppose 233 = -3*x + 2*q, 5*x = -q + 56 - 466. Let h = -107 + x. Let z = h + 294. List the prime factors of z.
2, 53
Let x = -1119 - -859. Let d = 1995 + x. List the prime factors of d.
5, 347
Suppose 0 = 51*g - 5444382 + 1661100. What are the prime factors of g?
2, 29, 1279
Suppose 0 = 5*f + c - 5 - 5, 4*f = -3*c + 8. Suppose v = -3*i + 168, f*v = i + 41 + 267. List the prime factors of v.
2, 3, 13
What are the prime factors of 636801/13 + 148/481?
5, 97, 101
Let f be (-3 - -15)/2 + 5. Let y(j) = 0*j**3 + j + 4 + 10 + j**3 - 11*j**2. What are the prime factors of y(f)?
5
Let w(u) be the third derivative of 0 + 8/3*u**5 + 0*u - 18*u**2 - 5/24*u**4 - 2/3*u**3. List the prime factors of w(-1).
7, 23
Suppose -o - 5669 = -r, 3*r - 13107 = 2*o + 3896. What are the prime factors of (r/(-77))/((-1)/7)?
5, 103
Suppose 0*n = -3*n + 4*m - 10, -3*n - 4*m + 22 = 0. Suppose 0 = -4*q + 16, -5*s + n*q = -0*s - 17. Suppose s*i + 2*i - 819 = 0. List the prime factors of i.
3, 13
Let x be (-7)/28*(2 + -18). What are the prime factors of (-6)/(-9)*354/x?
59
Let k(z) = 735*z - 1985. What are the prime factors of k(5)?
2, 5, 13
Let q(m) = 1674*m - 727. What are the prime factors of q(3)?
5, 859
Suppose -7*l = -12*l + 35. Suppose l*j = 5*j + 42. What are the prime factors of ((-7)/j)/((-3)/207)?
23
Suppose 0 = 5*h + 5*i - 10, 13*h - i - 13 = 11*h. What are the prime factors of h - (-1 - 23 - 2)?
31
Let l(y) = -145*y + 146. Let i(h) = 138*h - 145. Let q(v) = 4*i(v) + 3*l(v). List the prime factors of q(4).
2, 163
Suppose 3*n + m - 69776 - 93737 = 0, 0 = -4*n + m + 218022. List the prime factors of n.
5, 11, 991
Suppose 0 = -3*l + 10 + 26. Suppose -l*c - 54 = -10*c. Let a = 102 + c. List the prime factors of a.
3, 5
Let t(x) = 3*x**2 - 4*x + 31. Let y(w) = 3*w**2 - 3*w + 30. Let j(q) = 3*t(q) - 2*y(q). Suppose -6*b + 18 = -3*b. List the prime factors of j(b).
3, 5, 7
Suppose -4*r = -5*r - 51. Let g = r - -51. Suppose g*v = 6*v - 216. What are the prime factors of v?
2, 3
Suppose -80*o = -485902 - 489538. List the prime factors of o.
89, 137
Let r(y) = 35*y**3 - 43*y**2 + 7*y - 48. List the prime factors of r(8).
2, 7, 271
Let s = 85 + -761. Let o = s + 1217. List the prime factors of o.
541
Let a = 8812 - -3727. What are the prime factors of a?
12539
What are the prime factors of ((-225)/30 + 8)*62626?
173, 181
Suppose -39 = -5*n + c, 3*n = -3*c + 6 + 3. Suppose -2*y - 22 = -3*v, -n - 3 = 5*y. Suppose 3*j - v*j = -15. What are the prime factors of j?
5
Let b = 44 - 50. Let d(v) = -v - 1. Let p be d(b). Suppose -17 + 330 = 2*t + r, -5*t + 790 = p*r. List the prime factors of t.
5, 31
Let f(v) = 8*v**3 - 3*v**2 + 13*v + 8. What are the prime factors of f(5)?
2, 499
Let w(a) = 149*a**2 + 143*a + 1211. What are the prime factors of w(-8)?
3, 11, 97
Let w be -8*(-2)/56 + 136/14. What are the prime factors of 2 + 643 - 40/w?
641
Suppose 5*f = 2*n + n - 5784, 0 = -n - 4*f + 1911. What are the prime factors of n?
3, 641
Suppose 2590777 = 225*j - 451650 + 150052. What are the prime factors of j?
3, 5, 857
Suppose 3*t - 3*j - 19 = 2*t, 0 = 5*t + j - 79. Let d = t - 10. Suppose -d*u + 142 = -122. List the prime factors of u.
2, 11
Suppose -18*r = -5*j - 83165, 5*r + 15*j - 17*j = 23102. What are the prime factors of r?
2, 3, 5, 7, 11
Let a(u) = -11*u + 147. Let f be a(9). Let s = f - -459. What are the prime factors of s?
3, 13
Let h = 74 - 70. Suppose h*x - 1268 = 384. Let k = x - 197. What are the prime factors of k?
2, 3
Suppose 34*u - 1550 - 85218 = 0. Suppose 7*s - 2390 = u. List the prime factors of s.
2, 353
Let m(a) = 58*a**2 - 39*a - 684. List the prime factors of m(-23).
5, 37, 167
Let d(k) = 496*k + 488. List the prime factors of d(19).
2, 3, 7, 59
Let x = 140367 - 83880. List the prime factors of x.
3, 19, 991
Suppose -8*j = -15*j + 10122. Suppose 9*n + j = 15*n. List the prime factors of n.
241
Let y(r) = 5*r**2 + 13*r - 761. List the prime factors of y(52).
5, 2687
Let i be (5 + 175/(-14))*(-4)/3. Suppose -2*b + i = -b. What are the prime factors of b?
2, 5
Suppose 0*i - z = i, -5*z = 25. Suppose -30*f = -29*f - 11. Let h = f + i. List the prime factors